9208386?
9
What is the tens digit of 530310?
1
What is the tens digit of 13062366?
6
What is the units digit of 4233226?
6
What is the hundreds digit of 776508?
5
What is the thousands digit of 251570?
1
What is the thousands digit of 97129?
7
What is the hundred thousands digit of 30544356?
5
What is the ten thousands digit of 476134?
7
What is the units digit of 11679228?
8
What is the thousands digit of 267501?
7
What is the units digit of 5471376?
6
What is the hundreds digit of 128330?
3
What is the hundreds digit of 463363?
3
What is the millions digit of 1254315?
1
What is the thousands digit of 86705?
6
What is the hundred thousands digit of 506257?
5
What is the hundred thousands digit of 1173463?
1
What is the hundreds digit of 21709058?
0
What is the tens digit of 44892?
9
What is the tens digit of 135090?
9
What is the millions digit of 5281293?
5
What is the hundred thousands digit of 765828?
7
What is the units digit of 80282?
2
What is the hundreds digit of 4440492?
4
What is the hundreds digit of 38561?
5
What is the units digit of 409640?
0
What is the tens digit of 301708?
0
What is the ten thousands digit of 6506801?
0
What is the ten thousands digit of 16043876?
4
What is the ten thousands digit of 383990?
8
What is the thousands digit of 4367890?
7
What is the tens digit of 3329851?
5
What is the thousands digit of 219673?
9
What is the thousands digit of 840371?
0
What is the hundred thousands digit of 311968?
3
What is the tens digit of 30583675?
7
What is the ten thousands digit of 675561?
7
What is the tens digit of 1764102?
0
What is the thousands digit of 133512?
3
What is the hundreds digit of 11331003?
0
What is the ten thousands digit of 181781?
8
What is the thousands digit of 174545?
4
What is the hundred thousands digit of 9066065?
0
What is the ten millions digit of 19715619?
1
What is the millions digit of 7071962?
7
What is the thousands digit of 121242?
1
What is the ten thousands digit of 362481?
6
What is the ten thousands digit of 14717162?
1
What is the hundreds digit of 3370829?
8
What is the hundred thousands digit of 3643102?
6
What is the hundreds digit of 337152?
1
What is the tens digit of 18226033?
3
What is the tens digit of 5043374?
7
What is the ten millions digit of 11863912?
1
What is the hundreds digit of 1360385?
3
What is the ten thousands digit of 652999?
5
What is the ten thousands digit of 4148595?
4
What is the ten thousands digit of 1030083?
3
What is the hundred thousands digit of 5997911?
9
What is the tens digit of 101581?
8
What is the ten thousands digit of 5854961?
5
What is the ten thousands digit of 618233?
1
What is the units digit of 144043?
3
What is the hundreds digit of 409847?
8
What is the hundreds digit of 8634772?
7
What is the thousands digit of 9081061?
1
What is the hundreds digit of 898439?
4
What is the units digit of 272673?
3
What is the units digit of 679247?
7
What is the tens digit of 172767?
6
What is the hundred thousands digit of 113802?
1
What is the hundred thousands digit of 12796713?
7
What is the units digit of 344622?
2
What is the millions digit of 1005877?
1
What is the thousands digit of 278883?
8
What is the tens digit of 8724448?
4
What is the tens digit of 3486512?
1
What is the units digit of 56587?
7
What is the thousands digit of 197656?
7
What is the ten thousands digit of 3107668?
0
What is the tens digit of 736278?
7
What is the thousands digit of 91033?
1
What is the ten millions digit of 35069402?
3
What is the tens digit of 384678?
7
What is the ten millions digit of 33618348?
3
What is the ten thousands digit of 611623?
1
What is the hundred thousands digit of 1166357?
1
What is the hundred thousands digit of 1082521?
0
What is the hundreds digit of 3447276?
2
What is the tens digit of 276115?
1
What is the units digit of 2712465?
5
What is the ten millions digit of 21963435?
2
What is the millions digit of 13060574?
3
What is the thousands digit of 17850339?
0
What is the thousands digit of 8219675?
9
What is the units digit of 952451?
1
What is the hundreds digit of 1603060?
0
What is the tens digit of 18663291?
9
What is the hundreds digit of 554025?
0
What is the units digit of 1015819?
9
What is the thousands digit of 3351163?
1
What is the hundred thousands digit of 246668?
2
What is the millions digit of 1566910?
1
What is the thousands digit of 1341366?
1
What is the hundred thousands digit of 305321?
3
What is the thousands digit of 4844652?
4
What is the tens digit of 956279?
7
What is the ten thousands digit of 14560573?
6
What is the ten thousands digit of 438433?
3
What is the hundreds digit of 422259?
2
What is the millions digit of 2659021?
2
What is the thousands digit of 30345?
0
What is the ten millions digit of 27542308?
2
What is the thousands digit of 2993207?
3
What is the units digit of 3029857?
7
What is the thousands digit of 4904056?
4
What is the tens digit of 37172024?
2
What is the ten thousands digit of 161510?
6
What is the thousands digit of 964284?
4
What is the hundreds digit of 10925213?
2
What is the thousands digit of 171383?
1
What is the hundreds digit of 1393110?
1
What is the hundred thousands digit of 490775?
4
What is the hundreds digit of 39060?
0
What is the units digit of 86803?
3
What is the thousands digit of 9048?
9
What is the thousands digit of 2035892?
5
What is the hundreds digit of 29331114?
1
What is the ten thousands digit of 2790352?
9
What is the ten thousands digit of 142673?
4
What is the millions digit of 4743471?
4
What is the units digit of 125020?
0
What is the ten thousands digit of 458457?
5
What is the thousands digit of 43056?
3
What is the hundred thousands digit of 137187?
1
What is the tens digit of 8733873?
7
What is the tens digit of 816143?
4
What is the millions digit of 1289608?
1
What is the units digit of 15227551?
1
What is the ten thousands digit of 794659?
9
What is the tens digit of 441096?
9
What is the ten thousands digit of 989757?
8
What is the thousands digit of 154094?
4
What is the units digit of 938951?
1
What is the units digit of 105290?
0
What is the ten thousands digit of 953032?
5
What is the ten thousands digit of 1349255?
4
What is the hundreds digit of 5247?
2
What is the hundred thousands digit of 559103?
5
What is the thousands digit of 147504?
7
What is the ten millions digit of 13565470?
1
What is the tens digit of 342779?
7
What is the units digit of 236683?
3
What is the hundred thousands digit of 1054144?
0
What is the tens digit of 231646?
4
What is the ten thousands digit of 719455?
1
What is the thousands digit of 480042?
0
What is the tens digit of 201517?
1
What is the units digit of 19096972?
2
What is the tens digit of 1404300?
0
What is the units digit of 1135384?
4
What is the thousands digit of 726097?
6
What is the hundreds digit of 1506277?
2
What is the ten thousands digit of 22472?
2
What is the millions digit of 3237307?
3
What is the hundred thousands digit of 970893?
9
What is the thousands digit of 27405209?
5
What is the millions digit of 8563051?
8
What is the ten thousands digit of 524035?
2
What is the millions digit of 2936916?
2
What is the millions digit of 6787863?
6
What is the hundreds digit of 152977?
9
What is the hundred thousands digit of 138569?
1
What is the ten thousands digit of 4317213?
1
What is the ten thousands digit of 4612847?
1
What is the ten thousands digit of 8869313?
6
What is the units digit of 3408639?
9
What is the millions digit of 1458275?
1
What is the hundreds digit of 697013?
0
What is the hundred thousands digit of 226272?
2
What is the ten thousands digit of 7255874?
5
What is the tens digit of 7153091?
9
What is the ten thousands digit of 332339?
3
What is the hundreds digit of 145415?
4
What is the hundred thousands digit of 837511?
8
What is the hundred thousands digit of 7065402?
0
What is the hundreds digit of 719499?
4
What is the tens digit of 10531?
3
What is the hundred thousands digit of 549982?
5
What is the ten thousands digit of 447154?
4
What is the hundred thousands digit of 7259673?
2
What is the ten thousands digit of 102594?
0
What is the thousands digit of 2710117?
0
What is the units digit of 80745?
5
What is the hundreds digit of 1891478?
4
What is